t b(x) = -x**3 + 4*x**2 + 9*x - 8. Give b(6).
-26
Let m(j) = -j + 13. What is m(20)?
-7
Let x(b) = -b + 21. Give x(18).
3
Let k(b) = b**2 + 2*b - 2. Give k(-2).
-2
Let d(p) = -p**3 - 8*p**2 + 6*p + 113. Calculate d(-6).
5
Let b(t) = -t**2 + 13*t + 28. What is b(15)?
-2
Let h(w) = w - 4. Calculate h(6).
2
Let r(g) = 3*g - 7. Calculate r(-8).
-31
Let d(t) = t**3 - 6*t**2 - 7*t - 3. Calculate d(7).
-3
Let u(t) = -t**2 - 13*t - 24. Determine u(-12).
-12
Let r(k) = k**3 - 16*k**2 + 13*k - 6. Give r(15).
-36
Let q(x) = -x**3 - 20*x**2 + x + 55. Determine q(-20).
35
Let u(g) = 6*g**2 + 2*g + 3. Determine u(-3).
51
Let l(a) = -35*a + 138. Determine l(4).
-2
Let t(o) = 8*o + 4. Determine t(-2).
-12
Let c(d) = 6*d + 60. Calculate c(-14).
-24
Let u(r) = r**3 + 20*r**2 + 20*r + 17. Give u(-19).
-2
Let m(k) = -k**3 - 3*k**2 - 14*k - 3. Give m(-3).
39
Let b(w) = 11*w + 129. Give b(-11).
8
Let w(k) = 17*k + 2. Determine w(-2).
-32
Let f(d) = -2*d**2 - 11*d + 3. What is f(-6)?
-3
Let h(l) = -l**3 + 24*l**2 - 49*l + 116. Give h(22).
6
Let c(n) = -3*n**2 - 10*n - 20. Give c(-4).
-28
Let u(a) = -13*a - 29. Give u(4).
-81
Let x(w) = -w**2 + 9*w + 2. Determine x(-5).
-68
Let b(u) = -u + 2. Give b(4).
-2
Let i(c) = 2*c**3 - 9*c**2 + 4*c + 10. Determine i(6).
142
Let n(z) = -6*z - 4. Calculate n(0).
-4
Let j(a) = a**3 + 30*a**2 - 102*a - 96. Calculate j(-33).
3
Let d(c) = -c**3 - 4*c**2 - 4*c - 4. Determine d(-3).
-1
Let n(m) = 3*m - 16. What is n(8)?
8
Let v(m) = m**3 - m**2 - 41*m + 7. What is v(-6)?
1
Let f(x) = -x**2 + 8*x + 38. Give f(11).
5
Let w(s) = s**3 + 9*s**2 + 21*s + 49. What is w(-7)?
0
Let n(c) = -c**3 - 6*c**2 - 7*c - 2. Calculate n(-5).
8
Let l(r) = -10*r - 51. Calculate l(-6).
9
Let k(h) = -h**2 - 3*h + 1. Determine k(-3).
1
Let n(r) = r**3 - 14*r**2 + 14*r - 7. Determine n(13).
6
Let a(p) = p**2 - 1. Give a(-2).
3
Let f(x) = x**2 - 30*x - 106. Give f(33).
-7
Let w(o) = -o**2 + 3*o + 1. Give w(3).
1
Let m(v) = 3*v**2 - 3*v + 5. What is m(4)?
41
Let p(n) = n**3 - 5*n**2 - 6*n + 7. Give p(5).
-23
Let h(f) = f**3 - 11*f**2 - 11*f - 16. Determine h(12).
-4
Let q(z) = -z**3 + 21*z**2 + 2*z + 5. Calculate q(21).
47
Let k(b) = -b**3 - 18*b**2 + 28*b + 166. Determine k(-19).
-5
Let g(a) = -a**2 + a + 40. Determine g(0).
40
Let c(i) = 2*i**2 - 2. What is c(2)?
6
Let c(u) = -82*u - 2. Calculate c(-1).
80
Let x(i) = -11*i + 34. Determine x(9).
-65
Let k(w) = -2*w**2 - w + 1. Calculate k(4).
-35
Let k(i) = 2*i**2 + 19*i + 15. What is k(-8)?
-9
Let g(f) = 2*f**3 + 9*f**2 - 5*f + 6. Give g(-5).
6
Let x(n) = -8*n + 4. Give x(-2).
20
Let g(w) = 30*w + 2. Calculate g(-1).
-28
Let u(a) = -a**3 + 6*a**2 - 4*a - 6. Determine u(5).
-1
Let t(b) = b**3 - 20*b**2 + 22*b - 26. Determine t(19).
31
Let h(c) = 3*c + 3. Calculate h(-2).
-3
Let v(h) = 2*h - 4. What is v(-4)?
-12
Let s(c) = 6*c**3 - c**2 + 2. Calculate s(-1).
-5
Let b(o) = -14*o + 16. What is b(6)?
-68
Let q(t) = t**3 + t**2 - 5*t + 15. Give q(0).
15
Let o(g) = -2*g + 21. Calculate o(10).
1
Let o(n) = -8*n - 5. Determine o(2).
-21
Let g(d) = 18*d + 16. Determine g(-2).
-20
Let i(v) = v**2 - 41*v + 236. What is i(7)?
-2
Let v(m) = m - 31. What is v(34)?
3
Let d(b) = 2*b + 5. What is d(4)?
13
Let f(z) = -z**2 + 12*z - 25. Determine f(10).
-5
Let c(j) = j**2 + 11*j - 7. Calculate c(-11).
-7
Let h(b) = b**2 - 40*b + 52. Determine h(39).
13
Let v(a) = a**3 + a + 4. Calculate v(-2).
-6
Let h(r) = r + 46. Give h(-13).
33
Let c(g) = -7*g - 248. What is c(-35)?
-3
Let m(t) = t**3 + 9*t**2 - 4*t - 22. What is m(-9)?
14
Let j(d) = d - 20. Calculate j(0).
-20
Let x(c) = -c**3 - 15*c**2 - 17*c - 3. Calculate x(-14).
39
Let b(l) = -39*l - 207. What is b(-6)?
27
Let s(z) = 23*z + 7. Calculate s(-4).
-85
Let v(h) = -2*h - 61. Calculate v(-30).
-1
Let p(m) = 5*m + 65. Calculate p(-13).
0
Let a(f) = f**2 - 16*f + 65. Give a(7).
2
Let n(h) = -11*h**3 + 35*h**2 - 36*h + 2. Calculate n(1).
-10
Let d(w) = -w**3 + 6*w**2 - 2*w. Give d(6).
-12
Let d(t) = t**2 - 14*t + 11. Determine d(12).
-13
Let a(k) = 53*k - 367. Determine a(7).
4
Let r(u) = 29*u + 184. Give r(-6).
10
Let g(f) = f**3 + 3*f**2 + 3*f + 5. Give g(-2).
3
Let o(i) = 4*i**3 - 3*i**2 - 5*i - 1. What is o(-2)?
-35
Let s(n) = 14*n - 1. Give s(-2).
-29
Let w(z) = -2*z + 19. Determine w(15).
-11
Let u(q) = -q**3 + 26*q**2 + 24*q + 69. Determine u(27).
-12
Let r(k) = 21*k + 5. Calculate r(-1).
-16
Let c(d) = -d**3 + d**2 - d + 29. What is c(0)?
29
Let f(c) = -26*c + 284. What is f(11)?
-2
Let o(w) = w - 4. Give o(10).
6
Let j(t) = 2*t**3 - 9*t**2 + 4*t + 7. What is j(4)?
7
Let s(k) = -k**3 + 9*k**2 - 6*k - 1. Give s(8).
15
Let q(j) = 150*j + 1054. Determine q(-7).
4
Let y(j) = j**2 - 3*j - 1. Calculate y(3).
-1
Let u(d) = d**2 + 20*d - 4. What is u(-20)?
-4
Let k(p) = -p**2 - 24*p - 19. Calculate k(-24).
-19
Let k(b) = -b**2 + 16*b + 4. Give k(15).
19
Let t(r) = 11*r - 5. Determine t(2).
17
Let v(y) = -y**3 + 11*y**2 - 7*y + 15. Determine v(11).
-62
Let q(i) = -i**3 + 4*i**2 + 10*i + 6. What is q(6)?
-6
Let b(u) = 10*u - 16. Give b(2).
4
Let y(w) = -w**2 - w + 18. Calculate y(5).
-12
Let q(f) = -2*f**3 + 6*f**2 - 2*f - 2. Determine q(4).
-42
Let d(h) = -6*h - 26. Give d(-4).
-2
Let a(v) = -8*v + 24. Calculate a(2).
8
Let j(h) = -2*h**2 + 52*h - 10. Give j(26).
-10
Let x(j) = j**2 - 24*j - 78. Give x(27).
3
Let o(z) = -z**2 - 13*z - 15. Give o(-11).
7
Let q(k) = -k**3 + 13*k**2 - k + 1. Give q(13).
-12
Let r(j) = -j**2 + 11*j - 11. Determine r(1).
-1
Let r(x) = x**2 - 10*x - 6. Give r(4).
-30
Let r(g) = -127*g + 635. Give r(5).
0
Let s(l) = l**3 + 2*l. Determine s(2).
12
Let x(p) = 5*p + 23. Determine x(-5).
-2
Let a(b) = 14*b + 27. What is a(-8)?
-85
Let b(a) = -a**2 + 2*a - 5. What is b(-4)?
-29
Let h(k) = -k**3 - 31*k**2 - 4*k - 132. Calculate h(-31).
-8
Let j(b) = b**2 - 52*b + 207. What is j(48)?
15
Let w(y) = y**3 - 10*y**2 - 10*y + 9. Calculate w(11).
20
Let b(x) = x**3 + 7*x**2 - x - 1. Calculate b(-7).
6
Let j(p) = -5*p - 30. What is j(-5)?
-5
Let l(b) = 9*b**2 + 6*b + 4. Give l(-3).
67
Let m(k) = -8*k**2 + 6*k - 14. Determine m(4).
-118
Let f(l) = l**3 + 21*l**2 + 69*l + 10. Give f(-17).
-7
Let h(u) = 2*u**2 + 11*u - 50. What is h(-8)?
-10
Let i(m) = -2*m**3 - 10*m**2 + 6*m + 2. What is i(-5)?
-28
Let s(x) = x**3 - 20*x**2 + 19*x + 9. Give s(19).
9
Let m(t) = -t**2 - 21*t + 44. What is m(-21)?
44
Let w(p) = -7*p + 37. Calculate w(5).
2
Let i(f) = 2*f. Calculate i(-5).
-10
Let k(m) = 2*m + 7. Calculate k(3).
13
Let p(w) = -2*w**3 - 2*w**2 - 4*w - 3. Give p(-2).
13
Let a(m) = -m**3 + 4*m**2 - 5*m + 19. Calculate a(7).
-163
Let l(j) = -j**2 - 18*j - 82. Calculate l(-7).
-5
Let l(d) = -35*d**2 + 3*d + 1. What is l(-1)?
-37
Let f(i) = -6*i - 53. What is f(-10)?
7
Let z(l) = 42*l - 47. Calculate z(1).
-5
Let q(c) = -c**3 + 8*c**2 - 3*c + 2. Calculate q(8).
-22
Let p(r) = 12*r - 134. Give p(11).
-2
Let x(v) = -v**2 + 6*v - 2. Determine x(9).
-29
Let r(s) = -s**3 - 7*s**2 + 9*s + 3. Calculate r(-8).
-5
Let c(d) = d**3 + 8*d**2 + 10*d + 2. Give c(-2).
6
Let r(f) = f. Give r(1).
1
Let k(l) = -3*l**2 - 5*l - 5. Determine k(-5).
-55
Let x(v) = -v**2 + 8*v - 9. Calculate x(6).
3
Let o(g) = g**2 + 9*g + 36. What is o(-4)?
16
Let c(s) = 4*s**3 - 2*s**2 + s + 1. Calculate c(2).
27
Let f(l) = -l**3 + 7*l**2 + 11*l - 15. Give f(8).
9
Let c(o) = o**2 + 8*o + 7. Calculate c(-6).
-5
Let q(z) = z**3 - 10*z**2 - 10. Give q(10).
-10
Let t(w) = -w**2 + 7*w - 2. Calculate t(5).
8
Let q(h) = 2*h - 5. Give q(2).
-1
Let p(x) = -x**2 + 6*x + 4. Determine p(6).
4
Let j(i) = i. Give j(-12).
-12
Let p(m) = 2*m**3 + 2*m**2 + 2*m - 2. Determine p(2).
26
Let w(c) = -4*c + 52. Determine w(9).
16
Let r(t) = t**3 + 2*t**2 - 4*t - 1. Calculate r(3).
32
Let b(y) = -y**2 - 7*y - 6. Calculate b(-4).
6
Let a(w) = 4*w**2 - 7*w - 41. What is a(4)?
-5
Let m(t) = -t**3 - 3*t**2 + 5*t + 10. Give m(-3).
-5
Let m(u) = 5*u. Give m(10).
50
Let x(i) = -i**2 - i + 24. Determine x(5).
-6
Let r(y) = -y**3 + 6*y**2 + 39*y + 13. What is r(10)?
3
Let l(a) = 21*a**2 + 4*a - 3. Determine l(1).
22
Let u(r) = -10*r - 115. What is u(-12)?
5
Let u(d) = 2*d**3 - d**2 - 4*d + 4. What is u(2)?
8
Let w(s) = 5*s + 17. Give w(7).
52
Let t(v) = -v**2 + 88*v - 415. Give t(5).
0
Let r(q) = -21*q + 147. What is r(7)?
0
Let d(g) = -2*g**2 -